87 + -489. Let h = -634 - u. What is the units digit of h?
2
Suppose -s - n + 10454 = 3385, n = 6*n. What is the hundreds digit of s?
0
Let s be (-10 - (-2 + (-3 - -3)))/1. Let w = s + 8. Suppose 3*y + 3*d - 93 = w, 2*y - 47 = 2*d + d. What is the tens digit of y?
2
Let y = -4376 - -9472. What is the thousands digit of y?
5
Let x(m) = -1233*m + 628. What is the thousands digit of x(-5)?
6
Let a(l) be the first derivative of -37*l**2 + 5*l - 26. Let z be a(-1). Let o = z + -46. What is the units digit of o?
3
Let z be (2 + 0 - 5) + 239. Suppose -22*u + 24*u = 6. What is the units digit of z/2 - (u - 1)?
6
Suppose 8*w - 90490 = 174077 + 51313. What is the thousands digit of w?
9
Suppose 3*w + 66 = -3*r, -2*r + r = -5*w - 98. What is the hundreds digit of (w/(-5) - 6)/(8/(-1564))?
3
Let x(r) = 7897*r + 4499. What is the units digit of x(7)?
8
Suppose 9 = -3*u - 0. What is the units digit of (-8)/(-24) - 1/u*2561?
4
Suppose 33*f + 131023 = 159*f - 1112849. What is the units digit of f?
2
Let n(w) = 5*w**3 + w**2 - 6*w + 13. Let d(f) = 2*f**3 - 31*f**2 + 15*f + 4. Let m be d(15). What is the tens digit of n(m)?
2
Let j = 1831 - 3839. Let k = j + 3145. What is the units digit of k?
7
Let o(p) = p**2 - 12*p + 48. Let i be o(7). Let h(l) = 3*l**2 + 3*l - 162. What is the tens digit of h(i)?
8
Let c = -4 - -6. Suppose 4*i = 12*v - 14*v + 2896, -4*i + 2880 = -2*v. Suppose 2*y - 5*h - 302 = 0, -5*y - 2*h + i = c*h. What is the units digit of y?
6
Let r = 579 + -570. What is the units digit of 15/r*(-13233)/(-55)?
1
What is the tens digit of (-172027050)/(-2600) + 2*15/(-24)?
6
Suppose -z + 40095 = -2*v + 9224, 5*z + 4*v = 154397. What is the tens digit of z?
7
Let x(o) = -o**3 + 35*o**2 + o + 81. Let u be x(35). Let w = u - -470. What is the hundreds digit of w?
5
Let s(t) = 8*t**3 + t**2 - 3*t + 2. Let k be s(1). Suppose 3*f - 50 = k*f. What is the tens digit of 15*((-18)/f - 1)?
1
Let j(y) = -y**3 + 9*y**2 - 6*y - 12. Let b be j(8). Suppose 3*a - 5324 = 25*i - 30*i, b*i - 3550 = -2*a. What is the thousands digit of a?
1
Let k = -47 - -52. Suppose -6*d + k*d = -794. What is the units digit of d?
4
Let s = -4085 + 42663. What is the tens digit of s?
7
Let g be (17/(-68))/((-2)/48). Suppose -17*z + 4664 = -g*z. What is the units digit of z?
4
Suppose -171*c + 3 = -170*c. Suppose 0 = -q - c, -3*q + 2394 + 2005 = 4*h. What is the thousands digit of h?
1
Suppose -11*d + 218842 = 4*d - 91103. What is the ten thousands digit of d?
2
Let h = 12983 + -6827. What is the thousands digit of h?
6
Let u = -19715 - -92917. What is the hundreds digit of u?
2
Suppose 4*o + 44 = -4. Let s = 14 + o. What is the tens digit of -8 + 79 - (s - 1)?
7
Let n = -316 + 346. Let m(q) = q**2 - 7*q + 8. What is the tens digit of m(n)?
9
Let x(r) = 316*r**2 + 11*r + 11. What is the tens digit of x(-4)?
2
Let n = -400 + 674. Suppose z = 4*h + n, 2*z + 1138 = 6*z - 2*h. What is the units digit of z?
6
Suppose -2*q - 2*j + 6910 = 0, 2*q + 4*j - 9851 = -2929. What is the tens digit of q?
4
Suppose 0 = 5*s - 8*s + 27. Let c = 14 - s. Suppose q - 80 = -v, 3*q = -c*v + 80 + 150. What is the units digit of q?
5
Let f be 4 - (64/(-34) - 18/153). Let p be ((-651)/14)/(15/f - 3). Let o = p - 35. What is the units digit of o?
8
Suppose -5*k + 2*h = 5*h - 107, -5 = 5*h. Let w be 2/(-4) - k/(-4). Suppose -4*g + 540 = w*g. What is the units digit of g?
0
Suppose z - 14626 = -4*v, -16*z + 4*v = -20*z + 58432. What is the ten thousands digit of z?
1
Let k = -16063 + 30041. What is the ten thousands digit of k?
1
Let u = -10283 + 42377. What is the ten thousands digit of u?
3
Let p(c) = 7*c - 61. Let v be p(11). Let z = -14 + v. Let y = z - -98. What is the tens digit of y?
0
Let v(i) = 2*i**2 - 10*i + 4. Let p be v(4). Let t(r) = 9*r - 17. Let d be t(p). Let o = -4 - d. What is the units digit of o?
9
Let m(p) = 6*p**2 - 187*p - 866. What is the tens digit of m(62)?
0
Suppose 3*j = r - 316, 0 = -16*r + 14*r - 4*j + 672. What is the units digit of r?
8
Let g = -9 + 427. Let n = 759 - g. What is the tens digit of n?
4
Let z(n) = 48*n + 143. Let q(k) = 3*k - 1. Let s(i) = -2*q(i) + z(i). What is the tens digit of s(31)?
4
Suppose 0 = b - 2*t + 2, t + 2 = 5*b - 15. Suppose x + b*d - 20 = -x, 0 = -3*x + 5*d - 3. What is the units digit of x?
4
Let i(g) = -118*g**3 + 8*g**2 + 12*g - 17. What is the ten thousands digit of i(-5)?
1
Suppose 245*r - 9363 = 242*r. Suppose -13889 - r = -30*v. What is the hundreds digit of v?
5
Suppose -m = -34 + 25. What is the units digit of 12/5*1230/m?
8
Suppose 0 = 4*g - 4*u + 2516, -2*g + 4*g - 4*u = -1254. Let n = -316 - g. What is the tens digit of n?
1
Let x(d) = 600*d - 146. What is the hundreds digit of x(9)?
2
Suppose 0 = 60*i - 19*i - 22*i - 68628. What is the hundreds digit of i?
6
Let f = -64583 + 94436. What is the thousands digit of f?
9
Let f(j) = -j**3 + j**2 - j - 5. Let v be f(-2). Suppose 98 = v*w - 145. What is the tens digit of (-5)/((-225)/w) - 297/(-5)?
6
Suppose 16*y - 221448 = 4*o, 2*o = 2*y + 2*y - 55356. What is the tens digit of y?
4
What is the thousands digit of ((-3444)/(-294))/(2/2653)?
5
Let k = -5582 + 10910. What is the thousands digit of k?
5
Suppose 49 = -3*f + 5*r, -3*r - 39 = -3*f + 5*f. Let y be 3 + 50/f + 316/36. Suppose y*n = 16*n - 196. What is the units digit of n?
8
Let w be ((-70)/245)/((-1)/(-133)). What is the units digit of w/(-171) - (-8773)/9?
5
What is the hundreds digit of (17 - 0)*(-374)/170*-215?
0
Let r(i) = 2*i**2 - 36*i - 53. Let a(f) = f**2 - 2*f - 2. Let p(l) = 3*a(l) - r(l). What is the units digit of p(-37)?
6
Let h be (-2 + (-536)/(-5))/((-288)/(-720)). Let v = h + 51. What is the units digit of v?
4
Let u(d) = -d**3 - 3*d**2 - 9*d + 2. Let f be -5*((-12)/10)/(9/(-12)). Let x be u(f). Suppose -4*v = t - 409 - 379, 2*v = 3*t + x. What is the tens digit of v?
9
Let m be (0/7 - -1)/((-1)/(-2)). Let b(w) = 74*w**2 - w + 6. What is the tens digit of b(m)?
0
Suppose 4*t = -5*r + 25, 8*r - 11*r = -15. Suppose t = 896*y - 893*y - 3795. What is the hundreds digit of y?
2
Let u be (0 + 1 + -3)*71. Let b = u - -284. Let g = b - 49. What is the tens digit of g?
9
Suppose 6*s = 88 + 38. Let a(p) = -p**3 + 22*p**2 - 8*p + 36. Let l be a(s). Let b = 519 - l. What is the hundreds digit of b?
2
Suppose -3*u - 6 = 3*m, 4*m + 5*u + 13 = 1. Suppose -2*r - 330 = -m*f + 128, -3*r = f - 221. What is the hundreds digit of f?
2
Let y(p) = p**3 + 29*p**2 - 64*p - 51. Let h be y(-31). Suppose -h*u + 10*u = 3, 2*u + 1026 = 4*m. What is the units digit of m?
5
Let k = -857 + 1399. Suppose 55*p - 53*p = k. What is the units digit of p?
1
Let w = 6469 - 306. What is the tens digit of w?
6
Suppose -3*i - 790 = 2*i. Let r = 98 - i. Suppose 4*h - 5*h = 5*l - r, h - 2*l - 221 = 0. What is the units digit of h?
1
Suppose -2*t + 10 = 0, 4*v - 24423 = 58*t - 53*t. What is the thousands digit of v?
6
Let y(q) = -342*q - 90. Let u(t) = 343*t + 89. Let b(h) = 5*u(h) + 6*y(h). What is the units digit of b(-5)?
0
Let o = 6177 - 1699. What is the units digit of o?
8
Let f be (-8)/(-12) + (-98)/(-6). Let j(t) = -f*t - 122 + t + 158. What is the tens digit of j(-5)?
1
Suppose -3*c = -2*g + 196, 0*g - c - 99 = -g. Let p = g - -40. Suppose -7 = 2*h - p. What is the tens digit of h?
6
Suppose -3*j + d + 18360 = 0, 2*j - 8*d = -4*d + 12230. What is the hundreds digit of j?
1
Suppose 4*x - 5*b - 25548 = -6*b, -4*b - 6387 = -x. What is the tens digit of x?
8
What is the thousands digit of 586*((-3)/24)/(23/(-828))?
2
Suppose 6*v + 207 = 9*v. Suppose -3*w + 2811 = 4*g, -68*w - g = -v*w + 930. What is the tens digit of w?
3
Let v(g) = 23*g + 14. Let d be v(-2). What is the tens digit of d*568/(-16) + -7?
2
Let q(n) be the first derivative of -n**3/3 + 31*n**2/2 - 22*n - 35. What is the hundreds digit of q(13)?
2
Suppose -21726 = -5*n - l, -3*l = 60*n - 64*n + 17377. What is the hundreds digit of n?
3
Suppose 2*w = -8*w + 1560. Suppose -4*l = -7*l + w. Suppose a = -a + l. What is the tens digit of a?
2
Let g be ((-36)/(-5))/(3/15). Let z = g + -32. Suppose 2*t - 116 = -2*b - 0*b, 0 = 2*b - z*t - 104. What is the tens digit of b?
5
Let n(z) = z**2 + 4*z + 2. Let w be n(-4). Suppose a - 2*j - w*j - 5 = 0, -3*a = 4*j - 47. Let f(m) = m + 18. What is the units digit of